hat is the tens digit of 4248?
4
What is the units digit of 7234?
4
What is the hundreds digit of 10143?
1
What is the hundreds digit of 4412?
4
What is the hundreds digit of 27218?
2
What is the thousands digit of 40405?
0
What is the hundreds digit of 2138?
1
What is the units digit of 10683?
3
What is the ten thousands digit of 32959?
3
What is the hundreds digit of 1678?
6
What is the thousands digit of 38309?
8
What is the thousands digit of 18922?
8
What is the units digit of 3492?
2
What is the tens digit of 11935?
3
What is the ten thousands digit of 24430?
2
What is the tens digit of 39794?
9
What is the hundreds digit of 5438?
4
What is the hundreds digit of 870?
8
What is the tens digit of 10804?
0
What is the thousands digit of 13718?
3
What is the hundreds digit of 132270?
2
What is the ten thousands digit of 37337?
3
What is the units digit of 4513?
3
What is the hundreds digit of 9941?
9
What is the ten thousands digit of 15626?
1
What is the thousands digit of 7719?
7
What is the tens digit of 538?
3
What is the units digit of 5434?
4
What is the hundreds digit of 405?
4
What is the tens digit of 3670?
7
What is the hundreds digit of 517?
5
What is the units digit of 3478?
8
What is the hundreds digit of 57698?
6
What is the units digit of 791?
1
What is the thousands digit of 11509?
1
What is the tens digit of 4350?
5
What is the ten thousands digit of 67468?
6
What is the hundreds digit of 777?
7
What is the thousands digit of 9620?
9
What is the units digit of 2127?
7
What is the thousands digit of 9125?
9
What is the units digit of 1722?
2
What is the units digit of 7948?
8
What is the thousands digit of 7566?
7
What is the thousands digit of 67143?
7
What is the hundreds digit of 2641?
6
What is the hundreds digit of 8566?
5
What is the units digit of 15909?
9
What is the ten thousands digit of 32329?
3
What is the hundreds digit of 1616?
6
What is the thousands digit of 9891?
9
What is the thousands digit of 4204?
4
What is the thousands digit of 6997?
6
What is the tens digit of 1497?
9
What is the tens digit of 9392?
9
What is the units digit of 9526?
6
What is the tens digit of 369?
6
What is the thousands digit of 28492?
8
What is the units digit of 77511?
1
What is the tens digit of 58866?
6
What is the thousands digit of 4463?
4
What is the tens digit of 26408?
0
What is the hundreds digit of 4684?
6
What is the thousands digit of 83451?
3
What is the hundreds digit of 2675?
6
What is the tens digit of 8796?
9
What is the tens digit of 11551?
5
What is the hundreds digit of 536?
5
What is the units digit of 28650?
0
What is the units digit of 11403?
3
What is the thousands digit of 4399?
4
What is the hundreds digit of 2386?
3
What is the thousands digit of 5121?
5
What is the units digit of 247?
7
What is the hundred thousands digit of 137814?
1
What is the units digit of 40630?
0
What is the ten thousands digit of 84132?
8
What is the tens digit of 16354?
5
What is the hundreds digit of 1248?
2
What is the thousands digit of 9858?
9
What is the thousands digit of 5943?
5
What is the units digit of 936?
6
What is the units digit of 1125?
5
What is the units digit of 5018?
8
What is the units digit of 90406?
6
What is the tens digit of 52822?
2
What is the ten thousands digit of 33525?
3
What is the tens digit of 502?
0
What is the tens digit of 16219?
1
What is the hundreds digit of 43304?
3
What is the hundreds digit of 78646?
6
What is the units digit of 22467?
7
What is the units digit of 139589?
9
What is the tens digit of 2904?
0
What is the thousands digit of 1941?
1
What is the tens digit of 87422?
2
What is the hundreds digit of 45465?
4
What is the ten thousands digit of 21503?
2
What is the thousands digit of 5023?
5
What is the thousands digit of 18952?
8
What is the hundred thousands digit of 151564?
1
What is the units digit of 13381?
1
What is the tens digit of 864?
6
What is the ten thousands digit of 22406?
2
What is the units digit of 590?
0
What is the hundreds digit of 69265?
2
What is the units digit of 8814?
4
What is the thousands digit of 22708?
2
What is the tens digit of 1486?
8
What is the thousands digit of 1374?
1
What is the thousands digit of 29913?
9
What is the hundreds digit of 8496?
4
What is the units digit of 9708?
8
What is the thousands digit of 9428?
9
What is the hundreds digit of 20391?
3
What is the thousands digit of 8613?
8
What is the hundreds digit of 13184?
1
What is the hundreds digit of 7386?
3
What is the hundreds digit of 760?
7
What is the ten thousands digit of 29836?
2
What is the ten thousands digit of 60426?
6
What is the tens digit of 6246?
4
What is the units digit of 16233?
3
What is the hundreds digit of 40274?
2
What is the tens digit of 14009?
0
What is the hundreds digit of 4373?
3
What is the thousands digit of 1867?
1
What is the units digit of 1281?
1
What is the hundreds digit of 3525?
5
What is the units digit of 711?
1
What is the units digit of 13964?
4
What is the thousands digit of 4998?
4
What is the thousands digit of 2488?
2
What is the tens digit of 21487?
8
What is the thousands digit of 57455?
7
What is the hundreds digit of 941?
9
What is the tens digit of 74967?
6
What is the hundreds digit of 2184?
1
What is the hundreds digit of 8807?
8
What is the hundred thousands digit of 148813?
1
What is the thousands digit of 5761?
5
What is the ten thousands digit of 13684?
1
What is the tens digit of 1660?
6
What is the units digit of 60986?
6
What is the hundreds digit of 132?
1
What is the hundreds digit of 2746?
7
What is the thousands digit of 12622?
2
What is the tens digit of 5168?
6
What is the tens digit of 15360?
6
What is the hundreds digit of 8022?
0
What is the ten thousands digit of 12237?
1
What is the hundreds digit of 556?
5
What is the tens digit of 9223?
2
What is the units digit of 2571?
1
What is the ten thousands digit of 54853?
5
What is the ten thousands digit of 14211?
1
What is the tens digit of 1411?
1
What is the thousands digit of 19619?
9
What is the hundreds digit of 1188?
1
What is the ten thousands digit of 13388?
1
What is the hundreds digit of 90776?
7
What is the tens digit of 26343?
4
What is the thousands digit of 45810?
5
What is the hundreds digit of 6788?
7
What is the tens digit of 8141?
4
What is the ten thousands digit of 65899?
6
What is the thousands digit of 1508?
1
What is the hundreds digit of 1531?
5
What is the ten thousands digit of 18885?
1
What is the tens digit of 5387?
8
What is the units digit of 122251?
1
What is the hundreds digit of 873?
8
What is the ten thousands digit of 112535?
1
What is the hundreds digit of 645?
6
What is the hundreds digit of 40524?
5
What is the thousands digit of 24109?
4
What is the thousands digit of 2151?
2
What is the tens digit of 2122?
2
What is the units digit of 3438?
8
What is the units digit of 12993?
3
What is the hundreds digit of 29927?
9
What is the tens digit of 263?
6
What is the hundreds digit of 375?
3
What is the tens digit of 2125?
2
What is the units digit of 8574?
4
What is the units digit of 31071?
1
What is the ten thousands digit of 93107?
9
What is the hundreds digit of 4926?
9
What is the ten thousands digit of 66893?
6
What is the hundred thousands digit of 162494?
1
What is the tens digit of 2347?
4
What is the units digit of 39074?
4
What is the hundred thousands digit of 103750?
1
What is the tens digit of 21921?
2
What is the thousands digit of 5577?
5
What is the units digit of 1425?
5
What is the units digit of 239?
9
What is the hundreds digit of 18984?
9
What is the ten thousands digit of 25806?
2
What is the tens digit of 58?
5
What is the thousands digit of 6394?
6
What is the thousands digit of 1875?
1
What is the hundreds digit of 994?
9
What is the units digit of 86917?
7
What is the hundreds digit of 1089?
0
What is the units digit of 10289?
9
What is the units digit of 2991?
1
What is the thousands digit of 1429?
1
What is the hundreds digit of 1170?
1
What is the hundreds digit of 669?
6
What is the ten thousands digit of 12445?
1
What is the hundreds digit of 5062?
0
What is the thousands digit of 13372?
3
What is the hundreds digit of 6622?
6
What is the units digit of 413?
3
What is the tens digit of 1335?
3
